n base 15, what is -115e0 + -2?
-115e2
In base 6, what is -13 + -1111?
-1124
In base 16, what is 5b66f - 3?
5b66c
In base 16, what is 1ac - -bc?
268
In base 8, what is 1337543 + 2?
1337545
In base 12, what is -2 - -7597?
7595
In base 9, what is 4 - 126818?
-126814
In base 10, what is 189864 - 6?
189858
In base 11, what is 3 + 8a706?
8a709
In base 14, what is 3d87 + 0?
3d87
In base 4, what is 3321 + 1002123?
1012110
In base 8, what is 27203 - -21?
27224
In base 7, what is 26646 + 1066?
31045
In base 16, what is -3c79 + 0?
-3c79
In base 2, what is -101 + 100001100110111100100?
100001100110111011111
In base 4, what is -1221 - 1130?
-3011
In base 16, what is 8692 + -3?
868f
In base 11, what is -4a50 - 21?
-4a71
In base 13, what is -1c5a + 3?
-1c57
In base 14, what is 1 - -17dca?
17dcb
In base 9, what is -16540 + 25?
-16514
In base 3, what is 1102 - 10220?
-2111
In base 16, what is e1d + -13?
e0a
In base 13, what is -3 + 145796?
145793
In base 15, what is -97 - 5ec?
-694
In base 7, what is -20 - -166016?
165666
In base 16, what is -1 - aba9?
-abaa
In base 5, what is -33044 + -11342?
-44441
In base 10, what is -1 - 170097?
-170098
In base 12, what is -2308 + -16?
-2322
In base 13, what is -c8 + -66?
-161
In base 3, what is 1220110120 - -11?
1220110201
In base 7, what is 4 + -24005?
-24001
In base 6, what is -15 + -503?
-522
In base 2, what is -10111111100 - -1000111100010?
101111100110
In base 10, what is -24116 - -3?
-24113
In base 12, what is 21860 - a?
21852
In base 5, what is 10 + -10341130?
-10341120
In base 6, what is 5 - -11013?
11022
In base 3, what is -1111102100220 - -2?
-1111102100211
In base 3, what is 12 - 122010110101?
-122010110012
In base 16, what is 1 - 199f1?
-199f0
In base 10, what is 646 + -147?
499
In base 6, what is -2555330 - 2?
-2555332
In base 14, what is -5 - ac10?
-ac15
In base 2, what is -101 + 1110000001010101?
1110000001010000
In base 6, what is -2 - 22450?
-22452
In base 9, what is -212578 + 5?
-212573
In base 15, what is -a - -8d20?
8d15
In base 8, what is -1524075 + 3?
-1524072
In base 7, what is 1524214 + 23?
1524240
In base 5, what is -133323201 - -10?
-133323141
In base 12, what is -3185 - 33?
-31b8
In base 9, what is 3033 + -143?
2780
In base 12, what is -4 - -8357b?
83577
In base 5, what is -3022 + 32?
-2440
In base 4, what is -223 - 3331003?
-3331232
In base 12, what is 99644a - -5?
996453
In base 7, what is 541 + 1200?
2041
In base 10, what is 3 + -1134234?
-1134231
In base 6, what is 22222300 - -5?
22222305
In base 12, what is 232 - 41?
1b1
In base 10, what is -4 - -33553?
33549
In base 6, what is 1 + -1102121?
-1102120
In base 4, what is -1 - -100130222?
100130221
In base 9, what is 8784 - 0?
8784
In base 11, what is 2 + 2199?
21a0
In base 9, what is 183 - -2852?
3145
In base 13, what is 2221 - 9?
2215
In base 4, what is -22311 - 232?
-23203
In base 16, what is -3da + 206?
-1d4
In base 10, what is -179 + -133?
-312
In base 9, what is -332 - -6022?
5580
In base 3, what is 101100120 - -12?
101100202
In base 14, what is -162bd + -1?
-162c0
In base 12, what is 261 - b72?
-911
In base 6, what is 2 + -44543?
-44541
In base 6, what is 502 + 43?
545
In base 15, what is 5 + -4e6e?
-4e69
In base 2, what is 1011000 - 1001101011000?
-1001100000000
In base 5, what is 10 - -113332013?
113332023
In base 6, what is -154100 - -120?
-153540
In base 9, what is 10807564 - 4?
10807560
In base 12, what is 1b91 - 35a?
1833
In base 3, what is 1002100 - 2?
1002021
In base 16, what is 3 + 74295?
74298
In base 11, what is 2 - -3484?
3486
In base 16, what is -4 - 11165?
-11169
In base 15, what is -68 + 64?
-4
In base 13, what is 5b + 230?
28b
In base 16, what is -1aaa88 + 0?
-1aaa88
In base 10, what is 15 - 515?
-500
In base 2, what is 10 + 1110110100111110000?
1110110100111110010
In base 2, what is -10 - -10011110010000000000?
10011110001111111110
In base 10, what is -34 + -6202?
-6236
In base 8, what is -12402 + -2666?
-15270
In base 6, what is -4022 + 2330?
-1252
In base 3, what is 11001222121 - -1?
11001222122
In base 2, what is 110 + -100010110011?
-100010101101
In base 2, what is 111010001000001 + 101101?
111010001101110
In base 6, what is -4 - 21522350?
-21522354
In base 16, what is -5 + -1242?
-1247
In base 7, what is 124502 - -3?
124505
In base 7, what is -2 + 5152?
5150
In base 6, what is 34 - -35503?
35541
In base 11, what is 5 - -1020?
1025
In base 14, what is 105397 - -4?
10539b
In base 11, what is -1 - -791a?
7919
In base 3, what is -20 + -222221?
-1000011
In base 8, what is 171 + 51542?
51733
In base 8, what is 307317 - -3?
307322
In base 2, what is -1010110000 - 11010101101?
-100101011101
In base 3, what is 0 - 12011202011?
-12011202011
In base 11, what is 5 + -294?
-28a
In base 14, what is 1a0 + -5?
199
In base 12, what is 4 + -a801?
-a7b9
In base 15, what is 7629a + 3?
7629d
In base 2, what is 1110 - -11110101011001?
11110101100111
In base 14, what is 208 - 37?
1b1
In base 11, what is -1864 + -27?
-1890
In base 3, what is 10 - 210110202212?
-210110202202
In base 10, what is 123 + -3554?
-3431
In base 10, what is 92 - 75?
17
In base 3, what is 12220 + -11112121?
-11022201
In base 16, what is -2f + 41e0?
41b1
In base 11, what is -5 - -37282?
37278
In base 14, what is 0 - -3bd2b?
3bd2b
In base 12, what is 233b + a?
2349
In base 2, what is 1001011 + 1100101001010?
1100110010101
In base 9, what is 3 - -357540?
357543
In base 6, what is 45003 - 335?
44224
In base 4, what is -21 + 123011?
122330
In base 10, what is 5 + -175549?
-175544
In base 2, what is 1100110100011101010100 + -100?
1100110100011101010000
In base 10, what is -2073 - -5?
-2068
In base 11, what is 0 - -15640?
15640
In base 8, what is -3 - 12702?
-12705
In base 6, what is -105535 + -4?
-105543
In base 12, what is 1125 + 15?
113a
In base 14, what is -85b2c - -1?
-85b2b
In base 4, what is 30 - 30300112?
-30300022
In base 2, what is 100100000010011 - -11101010?
100100011111101
In base 7, what is -222201 + 2?
-222166
In base 10, what is -8104050 + 4?
-8104046
In base 2, what is -101 - 10000001111?
-10000010100
In base 11, what is 5 + 15850?
15855
In base 3, what is -12120 + 222201?
210011
In base 6, what is -55113 + 5?
-55104
In base 3, what is -21120 - 1101012202?
-1101111022
In base 8, what is 35 + -42215?
-42160
In base 4, what is -221201121 + 3?
-221201112
In base 11, what is 13587 + 19?
135a5
In base 4, what is -1 - -12200?
12133
In base 2, what is -10011 - 1101001101110010?
-1101001110000101
In base 7, what is -2315 + 13?
-2302
In base 8, what is -12061 + -363?
-12444
In base 15, what is 4935 - 0?
4935
In base 15, what is 5 - c024?
-c01e
In base 2, what is 11010001100101100 + 11?
11010001100101111
In base 2, what is 100101101011001100 + 1011?
100101101011010111
In base 12, what is 89746 + 3?
89749
In base 11, what is -24726 + -10?
-24736
In base 2, what is -10010001 - -110101101?
100011100
In base 11, what is a + -2121?
-2112
In base 7, what is -14 + -14520?
-14534
In base 12, what is -1a173 + -6?
-1a179
In base 12, what is -297 - -163?
-134
In base 16, what is -1a02c - -5?
-1a027
In base 5, what is 3304403 - -1?
3304404
In base 7, what is -525 - -3316?
2461
In base 16, what is ce365 + 1?
ce366
In base 7, what is -3 + 661450?
661444
In base 6, what is -1 + 1044440?
1044435
In base 16, what is -26 + -18ed?
-1913
In base 12, what is -264 + -8a9?
-b51
In base 3, what is 10002 + 1000121?
1010200
In base 7, what is 3 - 233664?
-233661
In base 2, what is 10110 - -100001010010001?
100001010100111
In base 12, what is a00 + 11a?
b1a
In base 5, what is 1041 - 12234?
-11143
In base 13, what is -2c89 - 1?
-2c8a
In base 11, what is -5 + -a1596?
-a15a0
In base 8, what is 3 + -73741?
-73736
In base 16, what is cb - 208?
-13d
In base 4, what is 31 + -121203333?
-121203302
In base 2, what is -1110001000100 + -111?
-1110001001011
In base 14, what is -2 - d0d68?
-d0d6a
In base 8, what is 5 + 16342?
16347
In base 14, what is -3993 + -3?
-3996
In base 9, what is -6248 - 2?
-6251
In base 2, what is 111101000010000011 + -10?
111101000010000001
In base 14, what is -7 + 735a0?
73597
In base 2, what is -1111 + -110101011101011110?
-110101011101101101
In base 8, what is 31 + -4235?
-4204
In base 12, what is -9b3a5 + 2?
-9b3a3
In base 8, what is 654137 + 4?
654143
In base 13, wha